{"id":9275,"date":"2024-01-18T11:53:18","date_gmt":"2024-01-18T10:53:18","guid":{"rendered":"https:\/\/ambbelgrado.esteri.it\/?page_id=9275"},"modified":"2025-02-06T15:12:48","modified_gmt":"2025-02-06T14:12:48","slug":"9275-2","status":"publish","type":"page","link":"https:\/\/ambbelgrado.esteri.it\/sr\/servizi-consolari-e-visti\/servizi-per-il-cittadino-straniero\/9275-2\/","title":{"rendered":"Zahtev za ukidanje zabrane ulaska"},"content":{"rendered":"<p><strong>Lica koja imaju re\u0161enje o zabrani ulaska na teritoriju italije <em>(Decreto di espulsione) <\/em>treba da Ministartsvu unutra\u0161njih poslova Italije podnesu zahtev za posebno odobrenje za ponovni ulazak u Italiju.<\/strong><\/p>\n<p><strong>Zahtev i dokumentaciju treba poslati na slede\u0107u mail adresu <\/strong><a href=\"mailto:consolare.belgrado@esteri.it\">consolare.belgrado@esteri.it<\/a><strong> . Dokumentacija treba da bude u PDF formatu i ne sme biti ve\u0107a od 7Mb.<\/strong><\/p>\n<p><strong>Konzularno odeljenje \u0107e nakon obrade dokumentacije zakazati termin za li\u010dni dolazak radi potpisivanja zahteva <\/strong>u prisustvu konzularnog slu\u017ebenika slu\u017ebenika.<\/p>\n<p><strong>Cena overe potpisa: 20 eura (pla\u0107anje u gotovini na \u0161alteru).<\/strong><\/p>\n<p><em>VA\u017dNO: Kompletnu dokumentaciju doneti u originalu + 1 obi\u010dna fotokopija svih dokumenata<\/em><\/p>\n<p><em>\u00a0<\/em><\/p>\n<p><strong>Zahtev za ukidanje zabrane ulaska se mo\u017ee predati u slede\u0107im slu\u010dajevima:<\/strong><\/p>\n<p><strong>ZBOG ISTEKA TRAJANJA ZABRANE<\/strong><\/p>\n<p>Neophodna dokumentacija:<\/p>\n<ul>\n<li>Zahtev za dobijanje posebnog odobrenja za ponovni ulazak u Italiju (kliknuti ovde za <a href=\"https:\/\/ambbelgrado.esteri.it\/wp-content\/uploads\/2024\/01\/istanza_di_reingresso_ita-ser.docx\"><em>Formular zahteva<\/em><\/a>);<\/li>\n<li>Paso\u0161 i fotokopija onih stranica na kojima su li\u010dni podaci i pe\u010dati sa grani\u010dnih prelaza;<\/li>\n<li>Kopija re\u0161enja o zabrani ulaska <em>(Decreto di espulsione);<\/em><\/li>\n<li>Me\u0111unarodni izvod iz mati\u010dne knjige ro\u0111enih (ne stariji od tri meseca od podno\u0161enja zahteva);<\/li>\n<li>Dokumentacija koja dokazuje ta\u010dan datum napu\u0161tanja teritorije Italije i odsustvo sa teritorije \u0161engenskih dr\u017eava tokom celokupnog trajanja zabrane ulaska predvi\u0111enog re\u0161enjem o zabrani <em>(Decreto di espulsione).<\/em><\/li>\n<\/ul>\n<p><strong>\u00a0<\/strong><\/p>\n<p><strong>VA\u017dNO: Dokumenti izdati od nadle\u017enih organa Srbije moraju biti legalizovani pe\u010datom \u201cApostil\u201d i prevedeni na italijanski jezik kod sudskog tuma\u010da, a prevod tako\u0111e treba da bude legalizovan pe\u010datom \u201cApostil\u201d (kliknuti ovde za <a href=\"https:\/\/ambbelgrado.esteri.it\/sr\/servizi-consolari-e-visti\/servizi-per-il-cittadino-straniero\/traduzione-e-legalizzazione-dei-documenti\/\"><em>Prevodi i legalizacija dokumenata<\/em><\/a>).<\/strong><\/p>\n<p><strong>\u00a0<\/strong><\/p>\n<p><strong>ZBOG SPAJANJA PORODICE <\/strong><\/p>\n<p>Neophodna dokumentacija:<\/p>\n<ul>\n<li>Zahtev za dobijanje posebnog odobrenja za ponovni ulazak u Italiju (kliknuti ovde za <a href=\"https:\/\/ambbelgrado.esteri.it\/wp-content\/uploads\/2024\/01\/istanza_di_reingresso_ita-ser.docx\"><em>Formular zahteva<\/em><\/a>);<\/li>\n<li>Paso\u0161 i fotokopija onih stranica na kojima su li\u010dni podaci i pe\u010dati sa grani\u010dnih prelaza;<\/li>\n<li>Kopija re\u0161enja o zabrani ulaska (Decreto di espulsione);<\/li>\n<li>Me\u0111unarodni izvod iz mati\u010dne knjige ro\u0111enih (ne stariji od tri meseca od podno\u0161enja zahteva);<\/li>\n<li><em>U slu\u010daju da je supru\u017enik italijanski dr\u017eavljanin:<\/em> Izvod iz mati\u010dne knjige ven\u010danih iz italijanske od op\u0161tine u Italiji;<\/li>\n<\/ul>\n<p><em>U slu\u010daju da je su supru\u017enik dr\u017eavljanin neke druge zemlje \u010dlanice EU<\/em>: Izvod iz mati\u010dne knjige ven\u010danih sa zvani\u010dnim prevodom treba da bude legalizovan od strane nadle\u017enih organa; (kliknuti ovde za <a href=\"https:\/\/ambbelgrado.esteri.it\/sr\/servizi-consolari-e-visti\/servizi-per-il-cittadino-straniero\/traduzione-e-legalizzazione-dei-documenti\/\"><em>Prevodi i legalizacija dokumenata<\/em><\/a>)<\/p>\n<ul>\n<li>Izjava supru\u017enika <em>(Autocertificazione)<\/em> u kojoj potvr\u0111uje bra\u010dni status i tra\u017ei spajanje porodice;<\/li>\n<li>Fotokopija li\u010dnog dokumenta supru\u017enika <em>(dokument treba da sadr\u017ei potpis nosioca);<\/em><\/li>\n<li><strong><em>VA\u017dNO: Kompletna dokumentacija mora biti dostavljena u originalu uz jo\u0161 jednu fotokopiju (ne dvostranu).<\/em><\/strong><\/li>\n<\/ul>\n","protected":false},"excerpt":{"rendered":"Lica koja imaju re\u0161enje o zabrani ulaska na teritoriju italije (Decreto di espulsione) treba da Ministartsvu unutra\u0161njih poslova Italije podnesu zahtev za posebno odobrenje za ponovni ulazak u Italiju. Zahtev i dokumentaciju treba poslati na slede\u0107u mail adresu consolare.belgrado@esteri.it . Dokumentacija treba da bude u PDF formatu i ne sme biti ve\u0107a od 7Mb. Konzularno [&hellip;]","protected":false},"author":7,"featured_media":0,"parent":182,"menu_order":14,"comment_status":"closed","ping_status":"closed","template":"","meta":{"footnotes":""},"class_list":["post-9275","page","type-page","status-publish","hentry"],"_links":{"self":[{"href":"https:\/\/ambbelgrado.esteri.it\/sr\/wp-json\/wp\/v2\/pages\/9275","targetHints":{"allow":["GET"]}}],"collection":[{"href":"https:\/\/ambbelgrado.esteri.it\/sr\/wp-json\/wp\/v2\/pages"}],"about":[{"href":"https:\/\/ambbelgrado.esteri.it\/sr\/wp-json\/wp\/v2\/types\/page"}],"author":[{"embeddable":true,"href":"https:\/\/ambbelgrado.esteri.it\/sr\/wp-json\/wp\/v2\/users\/7"}],"replies":[{"embeddable":true,"href":"https:\/\/ambbelgrado.esteri.it\/sr\/wp-json\/wp\/v2\/comments?post=9275"}],"version-history":[{"count":6,"href":"https:\/\/ambbelgrado.esteri.it\/sr\/wp-json\/wp\/v2\/pages\/9275\/revisions"}],"predecessor-version":[{"id":12071,"href":"https:\/\/ambbelgrado.esteri.it\/sr\/wp-json\/wp\/v2\/pages\/9275\/revisions\/12071"}],"up":[{"embeddable":true,"href":"https:\/\/ambbelgrado.esteri.it\/sr\/wp-json\/wp\/v2\/pages\/182"}],"wp:attachment":[{"href":"https:\/\/ambbelgrado.esteri.it\/sr\/wp-json\/wp\/v2\/media?parent=9275"}],"curies":[{"name":"wp","href":"https:\/\/api.w.org\/{rel}","templated":true}]}}

<p><strong>Lica koja imaju rešenje o zabrani ulaska na teritoriju italije <em>(Decreto di espulsione) </em>treba da Ministartsvu unutrašnjih poslova Italije podnesu zahtev za posebno odobrenje za ponovni ulazak u Italiju.</strong></p>
<p><strong>Zahtev i dokumentaciju treba poslati na sledeću mail adresu </strong><a href="mailto:consolare.belgrado@esteri.it">consolare.belgrado@esteri.it</a><strong> . Dokumentacija treba da bude u PDF formatu i ne sme biti veća od 7Mb.</strong></p>
<p><strong>Konzularno odeljenje će nakon obrade dokumentacije zakazati termin za lični dolazak radi potpisivanja zahteva </strong>u prisustvu konzularnog službenika službenika.</p>
<p><strong>Cena overe potpisa: 20 eura (plaćanje u gotovini na šalteru).</strong></p>
<p><em>VAŽNO: Kompletnu dokumentaciju doneti u originalu + 1 obična fotokopija svih dokumenata</em></p>
<p><em> </em></p>
<p><strong>Zahtev za ukidanje zabrane ulaska se može predati u sledećim slučajevima:</strong></p>
<p><strong>ZBOG ISTEKA TRAJANJA ZABRANE</strong></p>
<p>Neophodna dokumentacija:</p>
<ul>
<li>Zahtev za dobijanje posebnog odobrenja za ponovni ulazak u Italiju (kliknuti ovde za <a href="https://ambbelgrado.esteri.it/wp-content/uploads/2024/01/istanza_di_reingresso_ita-ser.docx"><em>Formular zahteva</em></a>);</li>
<li>Pasoš i fotokopija onih stranica na kojima su lični podaci i pečati sa graničnih prelaza;</li>
<li>Kopija rešenja o zabrani ulaska <em>(Decreto di espulsione);</em></li>
<li>Međunarodni izvod iz matične knjige rođenih (ne stariji od tri meseca od podnošenja zahteva);</li>
<li>Dokumentacija koja dokazuje tačan datum napuštanja teritorije Italije i odsustvo sa teritorije šengenskih država tokom celokupnog trajanja zabrane ulaska predviđenog rešenjem o zabrani <em>(Decreto di espulsione).</em></li>
</ul>
<p><strong> </strong></p>
<p><strong>VAŽNO: Dokumenti izdati od nadležnih organa Srbije moraju biti legalizovani pečatom “Apostil” i prevedeni na italijanski jezik kod sudskog tumača, a prevod takođe treba da bude legalizovan pečatom “Apostil” (kliknuti ovde za <a href="https://ambbelgrado.esteri.it/sr/servizi-consolari-e-visti/servizi-per-il-cittadino-straniero/traduzione-e-legalizzazione-dei-documenti/"><em>Prevodi i legalizacija dokumenata</em></a>).</strong></p>
<p><strong> </strong></p>
<p><strong>ZBOG SPAJANJA PORODICE </strong></p>
<p>Neophodna dokumentacija:</p>
<ul>
<li>Zahtev za dobijanje posebnog odobrenja za ponovni ulazak u Italiju (kliknuti ovde za <a href="https://ambbelgrado.esteri.it/wp-content/uploads/2024/01/istanza_di_reingresso_ita-ser.docx"><em>Formular zahteva</em></a>);</li>
<li>Pasoš i fotokopija onih stranica na kojima su lični podaci i pečati sa graničnih prelaza;</li>
<li>Kopija rešenja o zabrani ulaska (Decreto di espulsione);</li>
<li>Međunarodni izvod iz matične knjige rođenih (ne stariji od tri meseca od podnošenja zahteva);</li>
<li><em>U slučaju da je supružnik italijanski državljanin:</em> Izvod iz matične knjige venčanih iz italijanske od opštine u Italiji;</li>
</ul>
<p><em>U slučaju da je su supružnik državljanin neke druge zemlje članice EU</em>: Izvod iz matične knjige venčanih sa zvaničnim prevodom treba da bude legalizovan od strane nadležnih organa; (kliknuti ovde za <a href="https://ambbelgrado.esteri.it/sr/servizi-consolari-e-visti/servizi-per-il-cittadino-straniero/traduzione-e-legalizzazione-dei-documenti/"><em>Prevodi i legalizacija dokumenata</em></a>)</p>
<ul>
<li>Izjava supružnika <em>(Autocertificazione)</em> u kojoj potvrđuje bračni status i traži spajanje porodice;</li>
<li>Fotokopija ličnog dokumenta supružnika <em>(dokument treba da sadrži potpis nosioca);</em></li>
<li><strong><em>VAŽNO: Kompletna dokumentacija mora biti dostavljena u originalu uz još jednu fotokopiju (ne dvostranu).</em></strong></li>
</ul>

Lica koja imaju rešenje o zabrani ulaska na teritoriju italije (Decreto di espulsione) treba da Ministartsvu unutrašnjih poslova Italije podnesu zahtev za posebno odobrenje za ponovni ulazak u Italiju. Zahtev i dokumentaciju treba poslati na sledeću mail adresu consolare.belgrado@esteri.it . Dokumentacija treba da bude u PDF formatu i ne sme biti veća od 7Mb. Konzularno [&hellip;]
