{"id":716,"date":"2023-10-31T15:10:21","date_gmt":"2023-10-31T14:10:21","guid":{"rendered":"https:\/\/ambbelgrado.esteri.it\/?page_id=716"},"modified":"2026-02-24T09:24:23","modified_gmt":"2026-02-24T08:24:23","slug":"pozivi-za-saradnju-i-sponzorstva","status":"publish","type":"page","link":"https:\/\/ambbelgrado.esteri.it\/sr\/servizi-consolari-e-visti\/servizi-per-il-cittadino-italiano\/albo-consolare-e-altri-servizi\/pozivi-za-saradnju-i-sponzorstva\/","title":{"rendered":"Pozivi za saradnju i sponzorstva"},"content":{"rendered":"<div style=\"text-align: center;\">\n<div>\n<p style=\"text-align: right;\">A\u017eurirano 24. februara 2026. godine<\/p>\n<p>&nbsp;<\/p>\n<\/div>\n<\/div>\n<p style=\"text-align: left;\"><strong>JAVNO OBAVE\u0160TENJE ZA TRA\u017dENJE SPONZORSTAVA ZA DOGA\u0110AJE INTEGRISANE PROMOCIJE ITALIJE U ORGANIZACIJI AMBASADE ITALIJE U BEOGRADU ZA 2026. GODINU<\/strong><\/p>\n<p><a href=\"https:\/\/ambbelgrado.esteri.it\/wp-content\/uploads\/2026\/02\/Bando-sponsorizzazione-EVENTI-PROMOZIONE-INTEGRATA-2026_Firmato.pdf\">Obave\u0161tenje na italijanskom jeziku<\/a><\/p>\n<p><a href=\"https:\/\/ambbelgrado.esteri.it\/wp-content\/uploads\/2026\/02\/Bando-sponsorizzazione-EVENTI-PROMOZIONE-INTEGRATA-2026-19.01.2026_SER.docx\">Obave\u0161tenje na srpskom jeziku<\/a><\/p>\n<p>***<\/p>\n<div style=\"text-align: center;\">\n<div>\n<div>\n<div>\n<p style=\"text-align: left;\"><strong>AVVISO PUBBLICO PER LA RICERCA DI SPONSORIZZAZIONI PER EVENTI DI PROMOZIONE INTEGRATA DELL\u2019ITALIA ORGANIZZATI DALL\u2019AMBASCIATA D\u2019ITALIA A BELGRADO PER L\u2019ANNO 2025<\/strong><\/p>\n<p style=\"text-align: left;\"><a href=\"https:\/\/ambbelgrado.esteri.it\/wp-content\/uploads\/2025\/03\/Sponsorizzazione-eventi-promo-integrata_Firmato.pdf\">Sponsorizzazione eventi promo integrata_Firmato<\/a><\/p>\n<p style=\"text-align: left;\"><a href=\"https:\/\/ambbelgrado.esteri.it\/wp-content\/uploads\/2025\/03\/allegato_1_manifestazione_interesse-e-informativa-trattamento-dati.docx\">allegato_1_manifestazione_interesse e informativa trattamento dati<\/a><\/p>\n<h3 style=\"text-align: left;\">***<\/h3>\n<h3 style=\"text-align: left;\"><strong>Obave\u0161tenje o prijemu ponude za sponzorstvo<\/strong><\/h3>\n<ul style=\"text-align: left;\">\n<li>Dr\u017eava: SRBIJA<\/li>\n<li>Vrsta: Obave\u0161tenje za sponzorstvo<\/li>\n<\/ul>\n<p style=\"text-align: left;\">Na osnovu \u010dl. 6. stav 1. Ministarske uredbe. 192\/2017, saop\u0161tava se da je Ambasada Italije u Beogradu dobila predlog za tehni\u010dko sponzorstvo od preduze\u0107a DDOR Novi Sad a.d.o. za\u00a0 zaklju\u010denje jedne polise osiguranja u vezi sa gra\u0111anskom odgovornosti prema trec\u0301im licima i jedne polise osiguranja protiv nezgoda na radu za zaposlene, iz delatnosti Ambasade Italije u Beogradu.<\/p>\n<\/div>\n<p style=\"text-align: left;\"><a class=\"\" href=\"https:\/\/ambbelgrado.esteri.it\/wp-content\/uploads\/2024\/09\/Avviso-di-ricezione-di-proposta-di-sposorizzazione-protocollato.pdf\" data-focus-mouse=\"false\">OBAVE\u0160TENJE O PRIJEMU PONUDE ZA SPONZORSTVO<\/a><\/p>\n<h3 style=\"text-align: left;\">***<\/h3>\n<h3 style=\"text-align: left;\"><strong>Obave\u0161tenje o prijemu ponude za sponzorstvo<\/strong><\/h3>\n<ul>\n<li style=\"text-align: left;\">Dr\u017eava: SRBIJA<\/li>\n<li style=\"text-align: left;\">Vrsta: Obave\u0161tenje za sponzorstvo<\/li>\n<\/ul>\n<p style=\"text-align: left;\">Na osnovu \u010dl. 6. stav 1. Ministarske uredbe. 192\/2017, saop\u0161tava se da je Ambasada Italije u Beogradu dobila predlog za tehni\u010dko sponzorstvo od preduze\u0107a CSA S.C.p.A za pru\u017eanje usluge digitalizacije svih papirnih dosijea u arhivi Konzularnog odeljenja Ambasade Italije u Beogradu.<\/p>\n<\/div>\n<p style=\"text-align: left;\"><a class=\"\" href=\"https:\/\/ambbelgrado.esteri.it\/wp-content\/uploads\/2024\/08\/Avviso-dettagliato-digit-arch-Cons.pdf\" data-focus-mouse=\"false\">OBAVE\u0160TENJE O PRIJEMU PONUDE ZA SPONZORSTVO<\/a><\/p>\n<h3 style=\"text-align: left;\">***<\/h3>\n<h3 style=\"text-align: left;\"><strong>Obave\u0161tenje o prijemu ponude za sponzorstvo<\/strong><\/h3>\n<ul>\n<li style=\"text-align: left;\">Dr\u017eava: SRBIJA<\/li>\n<li style=\"text-align: left;\">Vrsta: Obave\u0161tenje za sponzorstvo<\/li>\n<\/ul>\n<p style=\"text-align: left;\">Na osnovu \u010dl. 6. stav 1. Ministarske uredbe. 192\/2017, saop\u0161tava se da je Ambasada Italije u Beogradu dobila predlog za tehni\u010dko sponzorstvo od arhitektonskog biroa &#8222;Cannata &amp; Partners Lighting Design s.r.l&#8220; za preliminarnu i definitivnu izradu projekta osvetljenja glavne fasade i prostorija Ambasade uklju\u010dujuc\u0301i i kapelu Ambasade Italije u Beogradu.<\/p>\n<p style=\"text-align: left;\"><a href=\"https:\/\/ambbelgrado.esteri.it\/wp-content\/uploads\/2024\/06\/Avviso-di-ricezione-proposta-di-sponsorizzazione.pdf\">OBAVE\u0160TENJE O PRIJEMU PONUDE ZA SPONZORSTVO<\/a><\/p>\n<\/div>\n<div><\/div>\n<p style=\"text-align: left;\">***<\/p>\n<p><strong>OBAVE\u0160TENJE<\/strong><\/p>\n<\/div>\n<div>\n<div><a href=\"https:\/\/ambbelgrado.esteri.it\/wp-content\/uploads\/2023\/10\/avviso_pubblico_sponsorizzazioni_firmato.pdf\">POZIV ZA IZRA\u017dAVANJE INTERESOVANJA ZA SARADNJU PRILIKOM ORGANIZACIJE DOGA\u0110AJA U AMBASADI (na italijanskom)<\/a><\/div>\n<\/div>\n<div><\/div>\n<div>***<\/div>\n<div>\n<p><strong>JAVNI POZIV ZA PONUDE SPONZORSTVA PRILIKOM ORGANIZACIJE PRIJEMA POVODOM DANA REPUBLIKE 2024. GODINE (na italijanskom)<\/strong><\/p>\n<ul>\n<li><a href=\"https:\/\/ambbelgrado.esteri.it\/wp-content\/uploads\/2024\/04\/Avviso-pubblico-offerta-di-sponsorizzazioni-Festa-Nazionale-2024.pdf\">Javni poziv za ponude sponzorstva prilikom organizacije prijema povodom Dana Republike, 2. juna 2024. godine<\/a><\/li>\n<li><a href=\"https:\/\/ambbelgrado.esteri.it\/wp-content\/uploads\/2024\/04\/Documento-unico-dei-requisiti-e-informativa-trattamento-dati-personali-IT-SPONSORIZZAZIONE-2024.docx\">Jedinstveni dokument o uslovima i obave\u0161tenje o obradi podataka o li\u010dnosti &#8211; IT &#8211; SPONZORSTVO 2024<\/a><\/li>\n<li><a href=\"https:\/\/ambbelgrado.esteri.it\/wp-content\/uploads\/2024\/04\/Informativa-sulla-protezione-delle-persone-fisiche-con-riguardo-al-trattamento-dei-dati-personali-2024.docx\">Obave\u0161tenje o za\u0161titi fizi\u010dkih lica u cilju obrade podataka o li\u010dnosti<\/a><\/li>\n<\/ul>\n<\/div>\n<div>***<\/div>\n<div>\n<header class=\"entry-header\">\n<h5 class=\"entry-title h3\">Avviso pubblico per l\u2019offerta di sponsorizzazioni in occasione delle celebrazioni del centenario (della posa della prima pietra) dell\u2019Ambasciata d\u2019Italia a Belgrado con il programma di eventi \u201cBircaninova@100\u201d<\/h5>\n<\/header>\n<div class=\"entry-content\">\n<p>L\u2019Ambasciata d\u2019Italia a Belgrado intende offrire la possibilit\u00e0 di concludere contratti di sponsorizzazione in occasione delle celebrazioni del centenario (della posa della prima pietra) dell\u2019Ambasciata d\u2019Italia a Belgrado con il programma di eventi \u201cBircaninova@100\u201d a soggetti pubblici o privati interessati e che, dietro corrispettivo in denaro o collaborazione \u201cin kind\u201d, intendano promuovere la propria immagine attraverso la pubblicazione del proprio logo o altra adeguata modalit\u00e0 comunicativa.<\/p>\n<p>L\u2019offerta di sponsorizzazione da parte dei soggetti interessati dovr\u00e0 essere presentata in forma scritta a questa Ambasciata.<\/p>\n<p>Per maggiori dettagli relativi all\u2019Avviso si prega di consultare seguenti documenti:<\/p>\n<ul>\n<li><a class=\"focus--mouse\" href=\"https:\/\/ambbelgrado.esteri.it\/wp-content\/uploads\/2024\/02\/Avviso-pubblico-sponsorizzazioni-100-anni-Ambasciata.pdf\" data-focus-mouse=\"true\">Avviso pubblico per l\u2019offerta di sponsorizzazioni in occasione delle celebrazioni del centenario (della posa della prima pietra) dell\u2019Ambasciata d\u2019Italia a Belgrado con il programma di eventi \u201cBircaninova@100\u201d<\/a><\/li>\n<li><a href=\"https:\/\/ambbelgrado.esteri.it\/wp-content\/uploads\/2024\/02\/documento_unico_dei_requisiti_e_informativa_trattamento_dati_personali_-_it_-_sponsorizzazione_2023.docx\">Documento unico dei requisiti e informativa trattamento dati personali<\/a><\/li>\n<li><a href=\"https:\/\/ambbelgrado.esteri.it\/wp-content\/uploads\/2024\/02\/informativa_sulla_protezione_delle_persone_fisiche_con_riguardo_al_trattamento_dei_dati_personali.docx\">Informativa sulla protezione delle persone fisiche con riguardo al trattamento dei dati personali<\/a><\/li>\n<\/ul>\n<\/div>\n<\/div>\n<div>***<\/div>\n<div>\n<div>\n<p><a href=\"https:\/\/ambbelgrado.esteri.it\/ambasciata_belgrado\/sr\/ambasciata\/news\/dall-ambasciata\/2023\/04\/avviso-pubblico-per-l-offerta-di.html\"><strong>JAVNI POZIV ZA PONUDE SPONZORSTVA PRILIKOM ORGANIZACIJE PRIJEMA POVODOM DANA REPUBLIKE, 2. JUNA 2023. GODINE<\/strong><\/a> (na italijanskom)<\/p>\n<ul>\n<li><a href=\"https:\/\/ambbelgrado.esteri.it\/wp-content\/uploads\/2023\/10\/avviso_pubblico_offerta_sponsorizzazioni_in_occasione_ricevimento_festa_nazionale_2_giugno_2.pdf\">Javni poziv za ponude sponzorstva prilikom organizacije prijema povodom Dana Republike, 2. juna 2023. godine<\/a><\/li>\n<li><a href=\"https:\/\/ambbelgrado.esteri.it\/wp-content\/uploads\/2023\/10\/documento_unico_dei_requisiti_e_informativa_trattamento_dati_personali_-_it_-_sponsorizzazione_2023.docx\">Jedinstveni dokument o uslovima i obave\u0161tenje o obradi podataka o li\u010dnosti &#8211; IT &#8211; SPONZORSTVO 2023<\/a><\/li>\n<li><a href=\"https:\/\/ambbelgrado.esteri.it\/wp-content\/uploads\/2023\/10\/informativa_sulla_protezione_delle_persone_fisiche_con_riguardo_al_trattamento_dei_dati_personali.docx\">Obave\u0161tenje o za\u0161titi fizi\u010dkih lica u cilju obrade podataka o li\u010dnosti<\/a><\/li>\n<\/ul>\n<\/div>\n<p>***<\/p>\n<div>\n<p><a href=\"https:\/\/ambbelgrado.esteri.it\/wp-content\/uploads\/2023\/10\/avviso_di_ricezione_proposta_di_sponsorizzazione.pdf\">OBAVE\u0160TENJE O PRIJEMU PONUDE ZA SPONZORSTVO<\/a><\/p>\n<\/div>\n<\/div>\n","protected":false},"excerpt":{"rendered":"A\u017eurirano 24. februara 2026. godine &nbsp; JAVNO OBAVE\u0160TENJE ZA TRA\u017dENJE SPONZORSTAVA ZA DOGA\u0110AJE INTEGRISANE PROMOCIJE ITALIJE U ORGANIZACIJI AMBASADE ITALIJE U BEOGRADU ZA 2026. GODINU Obave\u0161tenje na italijanskom jeziku Obave\u0161tenje na srpskom jeziku *** AVVISO PUBBLICO PER LA RICERCA DI SPONSORIZZAZIONI PER EVENTI DI PROMOZIONE INTEGRATA DELL\u2019ITALIA ORGANIZZATI DALL\u2019AMBASCIATA D\u2019ITALIA A BELGRADO PER L\u2019ANNO 2025 [&hellip;]","protected":false},"author":5,"featured_media":0,"parent":180,"menu_order":1,"comment_status":"closed","ping_status":"closed","template":"","meta":{"footnotes":""},"class_list":["post-716","page","type-page","status-publish","hentry"],"_links":{"self":[{"href":"https:\/\/ambbelgrado.esteri.it\/sr\/wp-json\/wp\/v2\/pages\/716","targetHints":{"allow":["GET"]}}],"collection":[{"href":"https:\/\/ambbelgrado.esteri.it\/sr\/wp-json\/wp\/v2\/pages"}],"about":[{"href":"https:\/\/ambbelgrado.esteri.it\/sr\/wp-json\/wp\/v2\/types\/page"}],"author":[{"embeddable":true,"href":"https:\/\/ambbelgrado.esteri.it\/sr\/wp-json\/wp\/v2\/users\/5"}],"replies":[{"embeddable":true,"href":"https:\/\/ambbelgrado.esteri.it\/sr\/wp-json\/wp\/v2\/comments?post=716"}],"version-history":[{"count":6,"href":"https:\/\/ambbelgrado.esteri.it\/sr\/wp-json\/wp\/v2\/pages\/716\/revisions"}],"predecessor-version":[{"id":14701,"href":"https:\/\/ambbelgrado.esteri.it\/sr\/wp-json\/wp\/v2\/pages\/716\/revisions\/14701"}],"up":[{"embeddable":true,"href":"https:\/\/ambbelgrado.esteri.it\/sr\/wp-json\/wp\/v2\/pages\/180"}],"wp:attachment":[{"href":"https:\/\/ambbelgrado.esteri.it\/sr\/wp-json\/wp\/v2\/media?parent=716"}],"curies":[{"name":"wp","href":"https:\/\/api.w.org\/{rel}","templated":true}]}}

<div style="text-align: center;">
<div>
<p style="text-align: right;">Ažurirano 24. februara 2026. godine</p>
<p>&nbsp;</p>
</div>
</div>
<p style="text-align: left;"><strong>JAVNO OBAVEŠTENJE ZA TRAŽENJE SPONZORSTAVA ZA DOGAĐAJE INTEGRISANE PROMOCIJE ITALIJE U ORGANIZACIJI AMBASADE ITALIJE U BEOGRADU ZA 2026. GODINU</strong></p>
<p><a href="https://ambbelgrado.esteri.it/wp-content/uploads/2026/02/Bando-sponsorizzazione-EVENTI-PROMOZIONE-INTEGRATA-2026_Firmato.pdf">Obaveštenje na italijanskom jeziku</a></p>
<p><a href="https://ambbelgrado.esteri.it/wp-content/uploads/2026/02/Bando-sponsorizzazione-EVENTI-PROMOZIONE-INTEGRATA-2026-19.01.2026_SER.docx">Obaveštenje na srpskom jeziku</a></p>
<p>***</p>
<div style="text-align: center;">
<div>
<div>
<div>
<p style="text-align: left;"><strong>AVVISO PUBBLICO PER LA RICERCA DI SPONSORIZZAZIONI PER EVENTI DI PROMOZIONE INTEGRATA DELL’ITALIA ORGANIZZATI DALL’AMBASCIATA D’ITALIA A BELGRADO PER L’ANNO 2025</strong></p>
<p style="text-align: left;"><a href="https://ambbelgrado.esteri.it/wp-content/uploads/2025/03/Sponsorizzazione-eventi-promo-integrata_Firmato.pdf">Sponsorizzazione eventi promo integrata_Firmato</a></p>
<p style="text-align: left;"><a href="https://ambbelgrado.esteri.it/wp-content/uploads/2025/03/allegato_1_manifestazione_interesse-e-informativa-trattamento-dati.docx">allegato_1_manifestazione_interesse e informativa trattamento dati</a></p>
<h3 style="text-align: left;">***</h3>
<h3 style="text-align: left;"><strong>Obaveštenje o prijemu ponude za sponzorstvo</strong></h3>
<ul style="text-align: left;">
<li>Država: SRBIJA</li>
<li>Vrsta: Obaveštenje za sponzorstvo</li>
</ul>
<p style="text-align: left;">Na osnovu čl. 6. stav 1. Ministarske uredbe. 192/2017, saopštava se da je Ambasada Italije u Beogradu dobila predlog za tehničko sponzorstvo od preduzeća DDOR Novi Sad a.d.o. za  zaključenje jedne polise osiguranja u vezi sa građanskom odgovornosti prema trećim licima i jedne polise osiguranja protiv nezgoda na radu za zaposlene, iz delatnosti Ambasade Italije u Beogradu.</p>
</div>
<p style="text-align: left;"><a class="" href="https://ambbelgrado.esteri.it/wp-content/uploads/2024/09/Avviso-di-ricezione-di-proposta-di-sposorizzazione-protocollato.pdf" data-focus-mouse="false">OBAVEŠTENJE O PRIJEMU PONUDE ZA SPONZORSTVO</a></p>
<h3 style="text-align: left;">***</h3>
<h3 style="text-align: left;"><strong>Obaveštenje o prijemu ponude za sponzorstvo</strong></h3>
<ul>
<li style="text-align: left;">Država: SRBIJA</li>
<li style="text-align: left;">Vrsta: Obaveštenje za sponzorstvo</li>
</ul>
<p style="text-align: left;">Na osnovu čl. 6. stav 1. Ministarske uredbe. 192/2017, saopštava se da je Ambasada Italije u Beogradu dobila predlog za tehničko sponzorstvo od preduzeća CSA S.C.p.A za pružanje usluge digitalizacije svih papirnih dosijea u arhivi Konzularnog odeljenja Ambasade Italije u Beogradu.</p>
</div>
<p style="text-align: left;"><a class="" href="https://ambbelgrado.esteri.it/wp-content/uploads/2024/08/Avviso-dettagliato-digit-arch-Cons.pdf" data-focus-mouse="false">OBAVEŠTENJE O PRIJEMU PONUDE ZA SPONZORSTVO</a></p>
<h3 style="text-align: left;">***</h3>
<h3 style="text-align: left;"><strong>Obaveštenje o prijemu ponude za sponzorstvo</strong></h3>
<ul>
<li style="text-align: left;">Država: SRBIJA</li>
<li style="text-align: left;">Vrsta: Obaveštenje za sponzorstvo</li>
</ul>
<p style="text-align: left;">Na osnovu čl. 6. stav 1. Ministarske uredbe. 192/2017, saopštava se da je Ambasada Italije u Beogradu dobila predlog za tehničko sponzorstvo od arhitektonskog biroa &#8222;Cannata &amp; Partners Lighting Design s.r.l&#8220; za preliminarnu i definitivnu izradu projekta osvetljenja glavne fasade i prostorija Ambasade uključujući i kapelu Ambasade Italije u Beogradu.</p>
<p style="text-align: left;"><a href="https://ambbelgrado.esteri.it/wp-content/uploads/2024/06/Avviso-di-ricezione-proposta-di-sponsorizzazione.pdf">OBAVEŠTENJE O PRIJEMU PONUDE ZA SPONZORSTVO</a></p>
</div>
<div></div>
<p style="text-align: left;">***</p>
<p><strong>OBAVEŠTENJE</strong></p>
</div>
<div>
<div><a href="https://ambbelgrado.esteri.it/wp-content/uploads/2023/10/avviso_pubblico_sponsorizzazioni_firmato.pdf">POZIV ZA IZRAŽAVANJE INTERESOVANJA ZA SARADNJU PRILIKOM ORGANIZACIJE DOGAĐAJA U AMBASADI (na italijanskom)</a></div>
</div>
<div></div>
<div>***</div>
<div>
<p><strong>JAVNI POZIV ZA PONUDE SPONZORSTVA PRILIKOM ORGANIZACIJE PRIJEMA POVODOM DANA REPUBLIKE 2024. GODINE (na italijanskom)</strong></p>
<ul>
<li><a href="https://ambbelgrado.esteri.it/wp-content/uploads/2024/04/Avviso-pubblico-offerta-di-sponsorizzazioni-Festa-Nazionale-2024.pdf">Javni poziv za ponude sponzorstva prilikom organizacije prijema povodom Dana Republike, 2. juna 2024. godine</a></li>
<li><a href="https://ambbelgrado.esteri.it/wp-content/uploads/2024/04/Documento-unico-dei-requisiti-e-informativa-trattamento-dati-personali-IT-SPONSORIZZAZIONE-2024.docx">Jedinstveni dokument o uslovima i obaveštenje o obradi podataka o ličnosti &#8211; IT &#8211; SPONZORSTVO 2024</a></li>
<li><a href="https://ambbelgrado.esteri.it/wp-content/uploads/2024/04/Informativa-sulla-protezione-delle-persone-fisiche-con-riguardo-al-trattamento-dei-dati-personali-2024.docx">Obaveštenje o zaštiti fizičkih lica u cilju obrade podataka o ličnosti</a></li>
</ul>
</div>
<div>***</div>
<div>
<header class="entry-header">
<h5 class="entry-title h3">Avviso pubblico per l’offerta di sponsorizzazioni in occasione delle celebrazioni del centenario (della posa della prima pietra) dell’Ambasciata d’Italia a Belgrado con il programma di eventi “Bircaninova@100”</h5>
</header>
<div class="entry-content">
<p>L’Ambasciata d’Italia a Belgrado intende offrire la possibilità di concludere contratti di sponsorizzazione in occasione delle celebrazioni del centenario (della posa della prima pietra) dell’Ambasciata d’Italia a Belgrado con il programma di eventi “Bircaninova@100” a soggetti pubblici o privati interessati e che, dietro corrispettivo in denaro o collaborazione “in kind”, intendano promuovere la propria immagine attraverso la pubblicazione del proprio logo o altra adeguata modalità comunicativa.</p>
<p>L’offerta di sponsorizzazione da parte dei soggetti interessati dovrà essere presentata in forma scritta a questa Ambasciata.</p>
<p>Per maggiori dettagli relativi all’Avviso si prega di consultare seguenti documenti:</p>
<ul>
<li><a class="focus--mouse" href="https://ambbelgrado.esteri.it/wp-content/uploads/2024/02/Avviso-pubblico-sponsorizzazioni-100-anni-Ambasciata.pdf" data-focus-mouse="true">Avviso pubblico per l’offerta di sponsorizzazioni in occasione delle celebrazioni del centenario (della posa della prima pietra) dell’Ambasciata d’Italia a Belgrado con il programma di eventi “Bircaninova@100”</a></li>
<li><a href="https://ambbelgrado.esteri.it/wp-content/uploads/2024/02/documento_unico_dei_requisiti_e_informativa_trattamento_dati_personali_-_it_-_sponsorizzazione_2023.docx">Documento unico dei requisiti e informativa trattamento dati personali</a></li>
<li><a href="https://ambbelgrado.esteri.it/wp-content/uploads/2024/02/informativa_sulla_protezione_delle_persone_fisiche_con_riguardo_al_trattamento_dei_dati_personali.docx">Informativa sulla protezione delle persone fisiche con riguardo al trattamento dei dati personali</a></li>
</ul>
</div>
</div>
<div>***</div>
<div>
<div>
<p><a href="https://ambbelgrado.esteri.it/ambasciata_belgrado/sr/ambasciata/news/dall-ambasciata/2023/04/avviso-pubblico-per-l-offerta-di.html"><strong>JAVNI POZIV ZA PONUDE SPONZORSTVA PRILIKOM ORGANIZACIJE PRIJEMA POVODOM DANA REPUBLIKE, 2. JUNA 2023. GODINE</strong></a> (na italijanskom)</p>
<ul>
<li><a href="https://ambbelgrado.esteri.it/wp-content/uploads/2023/10/avviso_pubblico_offerta_sponsorizzazioni_in_occasione_ricevimento_festa_nazionale_2_giugno_2.pdf">Javni poziv za ponude sponzorstva prilikom organizacije prijema povodom Dana Republike, 2. juna 2023. godine</a></li>
<li><a href="https://ambbelgrado.esteri.it/wp-content/uploads/2023/10/documento_unico_dei_requisiti_e_informativa_trattamento_dati_personali_-_it_-_sponsorizzazione_2023.docx">Jedinstveni dokument o uslovima i obaveštenje o obradi podataka o ličnosti &#8211; IT &#8211; SPONZORSTVO 2023</a></li>
<li><a href="https://ambbelgrado.esteri.it/wp-content/uploads/2023/10/informativa_sulla_protezione_delle_persone_fisiche_con_riguardo_al_trattamento_dei_dati_personali.docx">Obaveštenje o zaštiti fizičkih lica u cilju obrade podataka o ličnosti</a></li>
</ul>
</div>
<p>***</p>
<div>
<p><a href="https://ambbelgrado.esteri.it/wp-content/uploads/2023/10/avviso_di_ricezione_proposta_di_sponsorizzazione.pdf">OBAVEŠTENJE O PRIJEMU PONUDE ZA SPONZORSTVO</a></p>
</div>
</div>

Ažurirano 24. februara 2026. godine &nbsp; JAVNO OBAVEŠTENJE ZA TRAŽENJE SPONZORSTAVA ZA DOGAĐAJE INTEGRISANE PROMOCIJE ITALIJE U ORGANIZACIJI AMBASADE ITALIJE U BEOGRADU ZA 2026. GODINU Obaveštenje na italijanskom jeziku Obaveštenje na srpskom jeziku *** AVVISO PUBBLICO PER LA RICERCA DI SPONSORIZZAZIONI PER EVENTI DI PROMOZIONE INTEGRATA DELL’ITALIA ORGANIZZATI DALL’AMBASCIATA D’ITALIA A BELGRADO PER L’ANNO 2025 [&hellip;]
